s/3)/(4/12)?
5, 41
Let d be -12*((-2)/2 - 2/(-4)). Let z(w) = -w**3 + 7*w**2 - 7*w + 8. Let y be z(d). What are the prime factors of 119 + y/((-3)/3)?
3, 13
Suppose -5*i + m = -14, -2*i = 3*i + 4*m - 19. Suppose 3*p + 3*a = 3, -6*a + 5*a + 7 = i*p. List the prime factors of (p/(-9) + -1)*-27.
2, 3
Let h = 236 + -67. Suppose -436 - h = -5*n. What are the prime factors of n?
11
Let b(a) = 157*a**2 - 40*a + 94. What are the prime factors of b(-19)?
3, 127, 151
Let w(n) = -108*n + 20. Let y(l) = -2*l**2 - 28*l - 51. Let p be y(-12). What are the prime factors of w(p)?
2, 43
Suppose 4*h - 3*y + 17 = 0, h = -2*h + 4*y - 18. Let p be (4 + h)/(((-6)/3)/(-2)). Suppose k + 125 = g, 2*g + p*k + 2*k = 226. What are the prime factors of g?
11
Let g = -13619 - -28353. What are the prime factors of g?
2, 53, 139
Let s = -122547 - -176813. What are the prime factors of s?
2, 43, 631
Let r be (18/10)/((-12)/(-100)). Let j be (1 + -3)/((-10)/r). Suppose w = -2*w + j*q + 237, -w - q = -73. List the prime factors of w.
2, 19
Let j(l) = l**3 - 4*l**2 - l + 7. Let h be j(4). Suppose -325 = -2*v + o, -2*v - h*o + 350 = o. Let z = v - 70. List the prime factors of z.
5, 19
Let d be (-5)/((-180)/(-2136))*(18/(-4) - -3). Let r = -80 - -139. Suppose -5*a - 2*z = -90 - r, -z = 3*a - d. What are the prime factors of a?
29
Suppose 19 = 24*q - 29. Suppose -4*w + 3*v + q*v + 4755 = 0, 0 = 4*w + v - 4737. What are the prime factors of w?
3, 5, 79
Suppose 232*h - 504 = 225*h. Let m be (1/3)/(4/24). Suppose -8*q + m*q = -h. List the prime factors of q.
2, 3
Let o = -49 - -82. Suppose -j - o = -37. Suppose 7*i + 4*b - 453 = 2*i, -j*i + 4*b = -384. What are the prime factors of i?
3, 31
Let g(p) = 8*p - 10. Let m be g(6). Suppose m*f - 6*f = 6272. List the prime factors of f.
2, 7
Let a be (-7)/(-56)*-3 - 378/16. List the prime factors of (a/(-10))/(1 - 337/340).
2, 17
Suppose -o + 4 - 3 = 0. Let r(t) = 0*t + t + 18*t**2 + 73*t**2. List the prime factors of r(o).
2, 23
Let g be ((-266)/(-35) - 4/(-10))*20. Let p = g + -291. Let k = p - -287. What are the prime factors of k?
2, 3, 13
Let r be 2/(-4)*(-2 + 2). Let j be 0/(-3 - -1) - (r - 2). Suppose -8*z + 78 = -j*z. What are the prime factors of z?
13
Let r(l) = -11*l - 22 - 9*l - 1 + 2*l**2. Let j be r(11). List the prime factors of 107 - 1 - (j + -4 + 7).
2, 13
Let h(p) = -159 - 79 - 71*p - 161*p + 48*p - 55. What are the prime factors of h(-8)?
3, 131
Let d = -23 - 164. Let b = 94 - d. List the prime factors of b.
281
Suppose 0 = 8*p + 31*p + 14*p - 1775023. What are the prime factors of p?
107, 313
Let m(n) = -n - 31 - 42 + 74. Let i(u) = 6*u**2 - 5*u + 4. Let t(x) = i(x) - 5*m(x). What are the prime factors of t(1)?
5
Let m(h) = -h**3 + 18*h**2 + 62*h - 32. Let b be m(20). Let x be (4/3 - 0)*6. Suppose -b + 56 = -x*k. List the prime factors of k.
2, 11
Let m(y) = -8*y - 48. Let o = -55 - -48. Let d be m(o). Suppose -d*f = -11*f + 579. What are the prime factors of f?
193
List the prime factors of (-10161)/(-20 - (-2023)/102).
2, 3, 1129
Let m(k) = -7*k**3 - 10*k**2 - 66*k - 130. List the prime factors of m(-17).
3, 10831
Let x be 40/(-32) + 2 + (-298)/(-8). Let v = x + 31. List the prime factors of v.
3, 23
Suppose -241*o + 89*o + 8060256 = 0. List the prime factors of o.
2, 3, 491
Let d(i) = -1225*i**3 + 2*i**2 - 20*i - 56. What are the prime factors of d(-3)?
23, 1439
Suppose 31*a - 40*a + 11502 = 0. Let p = a - 561. List the prime factors of p.
3, 239
Let z = 47964 - 24896. List the prime factors of z.
2, 73, 79
Let h = -575 - -598. What are the prime factors of (-1008)/(-32)*h*2?
3, 7, 23
Let r = 50555 + 18610. What are the prime factors of r?
3, 5, 29, 53
Let d(m) = -5*m**3 + 19*m**2 + 73*m + 1197. List the prime factors of d(-14).
3, 7, 839
Let a = 1024 - 647. Let y = a + 152. What are the prime factors of y?
23
Suppose -17*u + 14*u - 4*t + 575 = 0, 4*t = 4*u - 832. Suppose 4*s + 84 = 4*f, f + 2*s - 5 = 1. Let l = u - f. List the prime factors of l.
5, 37
What are the prime factors of 14 - 22 - (-9620)/2?
2, 7
Let s = -133 + 192. Suppose 2*w - 23 = -z, 3*z + w + 0*w - s = 0. Suppose 2*f = 8, -c - 4*f + 12 = -z. List the prime factors of c.
3, 5
Suppose 33*t - 97163 = -51*t + 1914301. List the prime factors of t.
2, 3, 13, 307
Suppose -4936 = -5*q + 3554. List the prime factors of q.
2, 3, 283
Let d be (-92)/(-3) - -2*(-1)/3. Suppose -d*y = -37*y + 3472. What are the prime factors of y?
2, 31
Suppose -4*w - 860 = 588. Let i be 1/(-2)*(w - 0). Suppose -2*y + 3*v = 2*y - 146, -5*y + i = -3*v. List the prime factors of y.
5, 7
Suppose 152*v = 161*v - 144. Suppose v*h = -12*h + 20244. What are the prime factors of h?
3, 241
Let a = 555 + -555. Suppose a = -6*c - 8*c + 1820. What are the prime factors of c?
2, 5, 13
Suppose 6*m - 3*m - 27 = 3*a, 0 = 4*m - 3*a - 41. Suppose m + 11 = 5*r, 0 = -2*u + 4*r. What are the prime factors of (-4)/(12/(-21))*u?
2, 5, 7
Let l = 46058 - 6331. List the prime factors of l.
39727
Let t = -117272 + 170966. What are the prime factors of t?
2, 3, 19, 157
Let a(r) = 13*r**2 + 117*r - 22 + 39*r + 43*r - 2*r**2. What are the prime factors of a(-23)?
2, 5, 61
Let v(r) = 5561*r**2 + 48*r - 45. List the prime factors of v(1).
2, 13, 107
Let i(d) = -d**2 - 1. Let f(v) = -2*v**3 - 18 - 2*v**3 - 11*v - 15*v**2 + 3*v**3 + v**2. Let j(w) = -f(w) + 4*i(w). List the prime factors of j(-6).
2, 23
Let v(f) be the third derivative of f**5/10 - 29*f**4/24 - 7*f**3/6 + 44*f**2 + 2. Let n be ((-9)/2)/((-2)/4). List the prime factors of v(n).
2, 109
Suppose 854*h - 853*h = 9695. What are the prime factors of h?
5, 7, 277
Let p(g) = g**2 - 16*g + 61. Let r be p(7). List the prime factors of 125/r*(-3 + 4)*-2.
5
Let d(k) = 9*k**2 + 28*k + 128. What are the prime factors of d(-32)?
2, 3, 11
Let d(n) = 227*n**2 + 131*n - 5. What are the prime factors of d(-10)?
5, 7, 13, 47
Suppose 0 = -915*q + 946*q - 4154. Let u(t) = t + 5. Let m be u(4). Let c = q + m. What are the prime factors of c?
11, 13
Let p(l) = 3*l**3 + 7*l**2 - 9*l + 40. Let d = -64 + 71. What are the prime factors of p(d)?
19, 71
Let r be ((-56)/(-70))/(4/(-10)). Let l(k) = 2*k**2 + 4*k + 3. Let i be l(r). Suppose -i*u = -u - 168. What are the prime factors of u?
2, 3, 7
Suppose -5*y = d - 35, -6*d - 21 = -3*y - 7*d. Suppose 3*u - 2254 = -y*z + 11*z, 5*u - 3760 = 5*z. List the prime factors of u.
2, 13, 29
Let f(h) = -1364*h - 10612. List the prime factors of f(-36).
2, 9623
Suppose 2*l + 1 = 3*l - 5*o, -l = 4*o - 28. Let w be (411/(-12) + 3)/((-2)/l). List the prime factors of w/(-3)*(6 + -9).
2, 5
Suppose -t - 50 = -20. Let w(h) = -h**2 - 44*h + 6. List the prime factors of w(t).
2, 3, 71
Suppose 2 = -3*r - 1. Let o(d) = -74*d + 0 + 5 + 20*d + 2*d. List the prime factors of o(r).
3, 19
Let r(k) = -3*k**2 - 22*k + 10. Let a be r(-8). List the prime factors of (-1041)/a*-6*(-4)/12.
347
Suppose 8*q - 24 = 2*j + 6*q, -j = q + 14. List the prime factors of 2054/j*(-3)/2.
3, 79
Let x = 1157 + -2062. Let t = -412 - x. What are the prime factors of t?
17, 29
Let i(n) be the second derivative of -23*n**5/10 - n**4/12 + 5*n**3/6 + n**2/2 + 85*n. List the prime factors of i(-2).
5, 71
What are the prime factors of 3*2/15 + (-167336)/(-10) + -8?
2, 8363
Suppose 0 = 5*f + l - 54605, -4*f + 74 = 3*l - 43610. List the prime factors of f.
67, 163
Let q(f) = -7014*f - 2355. What are the prime factors of q(-6)?
3, 17, 19, 41
Let u(g) = -2*g**2 - 71*g + 55. What are the prime factors of u(-35)?
2, 3, 5
Let v(p) = 572*p**2 - 268*p + 2544. What are the prime factors of v(10)?
2, 7, 1019
Let k(w) = 17*w - 123. Let o(u) = 9*u - 62. Let i(p) = -6*k(p) + 11*o(p). Let l be (-20)/(-50) - 8/20. What are the prime factors of i(l)?
2, 7
Suppose 136*u + 45*u = 6479800. What are the prime factors of u?
2, 5, 179
Suppose n + 230 = -9*n. Let d(l) = -3*l**2 - 89*l - 24. List the prime factors of d(n).
2, 109
What are the prime factors of (-1703946)/(-36) - (266/(-684) + (-2)/(-9))?
2, 11833
Suppose -5*o - 2*o = -28. Suppose -o*k = -v + 20, 4*v - 3*k = -5 + 33. What are the prime factors of (-6)/v*1 - 1336/(-16)?
2, 41
Suppose 0*d - 2*y = -3*d + 698, 2*d - 487 = -3*y. Suppose 3*f = 5*f - 2*t - d, 0 = t. What are the prime factors of f?
2, 59
Suppose 6*s - 33 - 21 = 0. Let y(m) = -m**